- (-12)/18. Calculate the highest common divisor of b and 19.
19
Let p = -11 + 46. Let o = -12 + p. Suppose -k + o = -3*q, -2*k = -7*k - 5*q + 55. What is the greatest common divisor of k and 112?
14
Suppose -49 = -3*f + 5. Calculate the greatest common divisor of f and 2.
2
Let q = 3 + 5. Let y = q - 0. Let b(k) = 4*k**2 - k - 4. Let c be b(4). What is the highest common factor of y and c?
8
Let z = 1243 + -871. Suppose -3*u = 4*c - 281, -z = -0*u - 4*u - 4*c. What is the highest common factor of 13 and u?
13
Let s(i) = i**3 + 8*i**2 + 7*i + 5. Suppose -3 = 5*v + 32. Let j be s(v). Calculate the greatest common factor of j and 35.
5
Suppose 2*y = 1 + 7. Suppose a + 405 = y*a. Suppose -72 = -4*q - 4*x, -q + 0*q = -3*x - 6. What is the highest common divisor of a and q?
15
Suppose q = u - 0*q - 9, -q - 31 = -3*u. Calculate the greatest common divisor of 22 and u.
11
Let i be (3 - 3)/(-1 - 1). Suppose m - 48 = -5*h, m - 30 = -i*m + h. Suppose 3 = -2*g - 3*o, -g + 4*g = -5*o - 6. What is the highest common factor of g and m?
3
Let d be (1 + 21)*14/4. What is the highest common factor of 22 and d?
11
Let b(y) = 4*y + 25 + 11 - 5*y. Let r be b(0). What is the greatest common divisor of 4 and r?
4
Suppose 2 = -2*s + 3*s. Suppose o - 18 = -s*o. Calculate the greatest common divisor of 54 and o.
6
Suppose -5*h - 19 = -4*j + 190, 4*h = -4*j + 236. Let d = -19 - -27. Calculate the highest common divisor of j and d.
8
Let k(v) = -v + 31. Let a be k(-14). Calculate the highest common divisor of a and 5.
5
Let f = 2 + 0. Let i be 2/(1*f/18). What is the greatest common factor of 6 and i?
6
Suppose -95 = -o + 26. Let t = o + -73. What is the highest common divisor of 6 and t?
6
Suppose 5*z - z = 4*j + 132, 0 = -4*j - 2*z - 162. Let x = -27 - j. What is the greatest common factor of x and 22?
11
Let b(k) = k**3 - 3*k**2 - 5*k - 19. Let j be b(8). What is the greatest common factor of j and 29?
29
Let k = -17 + 40. Calculate the greatest common factor of k and 184.
23
Suppose -6*d = -d - 315. What is the highest common divisor of d and 42?
21
Let h = 12 + -8. Suppose 0*k - 20 = -h*k. Calculate the greatest common divisor of k and 55.
5
Suppose -3*s + 9 = -3*k, 5*s - 9 - 56 = -5*k. Calculate the greatest common factor of 10 and s.
2
Suppose -j + 42 = j. Suppose 10*v = 8*v + 6. Calculate the highest common factor of j and v.
3
Let b = 44 - 14. Let p = -26 - -46. Calculate the greatest common divisor of b and p.
10
Let b(w) be the third derivative of -w**5/60 - 11*w**4/24 + 3*w**3/2 + 2*w**2. Let s = 15 + -26. Let a be b(s). What is the greatest common factor of 63 and a?
9
Suppose 4*p = -2*k + 38, -k - 1 = -2. Let q = -4 + p. What is the highest common divisor of 5 and q?
5
Suppose -4*p = -673 - 31. What is the highest common divisor of p and 16?
16
Suppose h = -1 - 3. Let z be (h - -1)*8/(-6). Suppose -z*r = -67 + 3. What is the highest common factor of 176 and r?
16
Let u = -121 + 82. Let o = 64 + u. Let l = o + -16. What is the highest common factor of 36 and l?
9
Let y be (-9)/(36/8) - -7. Let o(j) = j + 35. Let b be o(0). Calculate the highest common divisor of y and b.
5
Let d = 2 + 4. Suppose 2*t + d*n = n + 56, 37 = t - 2*n. Suppose 5*u - 277 = 4*s + t, -u - 5*s = -91. What is the greatest common divisor of u and 6?
6
Let g(o) = o**2 + 2. Let n be g(0). Suppose 3*p - 15 = 2*k, -2*k = n*p - 0*p. Let b be p/(6/(-4)) - -9. What is the highest common factor of b and 21?
7
Let l(p) = p**2 - p + 2. Let y be 0 + (9*-1)/(-3). Let g be l(y). Suppose -216 = -0*z - 3*z. Calculate the greatest common factor of g and z.
8
Let u be 2/7 - (515/(-35))/1. Calculate the greatest common factor of u and 15.
15
Suppose t + 23 = 2*s + 135, 620 = 5*t + 5*s. Calculate the highest common factor of 15 and t.
15
Let g be 1/(3 - 14/4). Let q be 12/(((-3)/g)/1). Calculate the greatest common divisor of 12 and q.
4
Let m(o) = -7*o - 1. Let n be m(-1). What is the greatest common divisor of 4 and n?
2
Let u = 12 - 29. Let d = -9 - u. What is the greatest common factor of 72 and d?
8
Suppose 0 = 5*w - 2*c - c - 143, 2*w - 3*c = 59. Calculate the greatest common factor of 28 and w.
28
Suppose 3*v + 12 = 7*v. Suppose -36 = -4*a + x, -v*a + 0*x = 2*x - 38. What is the highest common divisor of a and 80?
10
Let w be 39*4/3 - -4. Let x(k) = k**2 - 2*k + 2. Let c be x(3). Suppose 64 = 4*d - 2*u, -d = -c*d - 2*u + w. Calculate the highest common divisor of 120 and d.
15
Let k = 10 + -10. Suppose 3*y - 21 = -k*y. What is the greatest common factor of 63 and y?
7
Let c = -30 + 42. Suppose -4*i + 368 = q - 16, i + 3*q - 96 = 0. Calculate the highest common factor of i and c.
12
Let o = -2 - -5. Suppose -o*w = w - 1480. Let l = w - 172. What is the highest common factor of 18 and l?
18
Suppose 2*t - 4 = q, 3*q + 3*t - 21 = 2*q. Suppose q*b + 3*p = 3*b + 24, -p + 18 = 3*b. What is the highest common divisor of b and 10?
5
Suppose 2*p - 41 = 5*a, -5*a + 0*a = p + 17. Let j = -2 + p. Calculate the highest common factor of 3 and j.
3
Let w(u) = -u**2 - 4*u - 3. Let o be w(-2). Let z be 1*(o + 0) - -5. Calculate the greatest common divisor of 1 and z.
1
Let q be (-8)/10*15/(-2). Calculate the highest common factor of q and 66.
6
Let g be (-52)/(-10) + 3/(-15). Let z be 2/(((-2)/(-7))/1). Suppose -g*a - 2 = -z. What is the greatest common factor of 9 and a?
1
Let f = -16 - -9. Let v = 8 + f. Calculate the greatest common factor of 8 and v.
1
Suppose -4*d + 9*d = 405. Suppose -5*o + 5*w + 55 = 0, 0*w + 13 = o - 2*w. What is the highest common factor of o and d?
9
Let l be (21/5)/(4/20). What is the greatest common divisor of l and 35?
7
Let d(w) = w**2 + 2*w - 4. Let s be d(-4). Suppose -s = -3*o - 1. Calculate the highest common factor of 2 and o.
1
Suppose -s + 3*y + 96 = 0, -35 = 4*s + y - 367. Suppose -40 = -2*j - w, 0 = -6*j + 3*j - 2*w + 59. What is the highest common divisor of s and j?
21
Let y be 180/(-5 - -3)*-1. What is the greatest common factor of y and 36?
18
Let u(d) = d**3 + 2*d**2 + d. Let s be u(-2). Let p = s + 7. What is the greatest common divisor of 1 and p?
1
Let a = 85 - -58. Calculate the highest common factor of a and 11.
11
Suppose -2986 = -9*z - 907. Calculate the greatest common divisor of z and 21.
21
Let i = 12 - -22. Suppose 2*x + 8 - i = 0. Calculate the greatest common divisor of 52 and x.
13
Let m(f) = f**3 - 7*f**2 + 6*f + 2. Let c be m(6). Suppose 0*d = c*d - 16. Suppose -d*k + 4*k + 68 = 0. Calculate the greatest common factor of k and 17.
17
Let f = 125 + -68. Suppose 0*b + 3*b - f = 0. Let k be 114*(0 + 1/2). Calculate the greatest common divisor of b and k.
19
Let b be (24/(-10))/(3/(-10)). Let n = 6 - b. Let i be -4*n/(24/51). Calculate the highest common factor of 85 and i.
17
Let u = -19 + 35. Let f = -5 - -8. Let t be (-290)/(-6) + (-1)/f. What is the greatest common factor of t and u?
16
Let m be (2/4)/(1/4) - -53. Calculate the highest common divisor of 5 and m.
5
Suppose -4 = -2*b - 0. Let z = 10 + -6. Let l be -2*(-4 - 12/z). Calculate the greatest common factor of l and b.
2
Suppose v = 5, i - 2*i + v = 3. Suppose g + i*g - 78 = 0. What is the highest common factor of g and 26?
26
Let x = -38 + 72. Let t = -20 + x. What is the highest common divisor of t and 14?
14
Suppose -3*g = -g - 2*b - 124, 350 = 5*g + 5*b. Calculate the highest common divisor of g and 22.
22
Let i be 2 + 11/(22/24). Suppose -5*m + 41 = -i. What is the greatest common factor of 11 and m?
11
Suppose -4*a - 5*o + 90 = 0, a - 2*a + 2*o = -16. Suppose 0 = 2*u - 33 - 7. What is the highest common divisor of a and u?
20
Suppose p = 4*k + 21, -k + 2*k - p = -3. Let v be 3*(2 + (-2)/k). Suppose 0 = -c + 36 - 1. Calculate the highest common divisor of v and c.
7
Let v = -26 + 17. Let q(g) = -g - 8. Let u be q(v). Calculate the greatest common factor of 5 and u.
1
Suppose -2*v = -4*x - 4*v + 160, -3*x + 133 = -5*v. Suppose x - 161 = -5*c. What is the greatest common factor of 120 and c?
24
Suppose 33 = -5*g + 3*x, 2*g + 40 = -2*g - x. Let w be 6/g - 1216/(-6). Let v = w + -90. What is the greatest common factor of v and 16?
16
Let s be 2/(-8) - (-2)/8. Suppose -3*a + 7 - 1 = s. Suppose -3*c = -o - 10, -a*c - 7*o + 30 = -3*o. Calculate the greatest common divisor of 25 and c.
5
Let m(a) 